{"id":7462,"date":"2025-10-06T13:49:37","date_gmt":"2025-10-06T16:49:37","guid":{"rendered":"https:\/\/hubvitacura.glympses.cl\/home\/?page_id=7462"},"modified":"2025-10-16T12:19:30","modified_gmt":"2025-10-16T15:19:30","slug":"empleabilidad","status":"publish","type":"page","link":"https:\/\/hubvitacura.cl\/home\/empleabilidad\/","title":{"rendered":"Empleabilidad"},"content":{"rendered":"\t\t<div data-elementor-type=\"wp-page\" data-elementor-id=\"7462\" class=\"elementor elementor-7462\" data-elementor-post-type=\"page\">\n\t\t\t\t<div class=\"elementor-element elementor-element-4f44924 e-flex e-con-boxed e-con e-parent\" data-id=\"4f44924\" data-element_type=\"container\" data-e-type=\"container\">\n\t\t\t\t\t<div class=\"e-con-inner\">\n\t\t\t\t<div class=\"elementor-element elementor-element-39f7902 elementor-widget elementor-widget-image\" data-id=\"39f7902\" data-element_type=\"widget\" data-e-type=\"widget\" data-widget_type=\"image.default\">\n\t\t\t\t\t\t\t\t\t\t\t\t\t\t\t<img fetchpriority=\"high\" decoding=\"async\" width=\"800\" height=\"121\" src=\"https:\/\/hubvitacura.cl\/wp-content\/uploads\/2025\/09\/empleabilidad-frame-1024x155.png\" class=\"attachment-large size-large wp-image-2635\" alt=\"\" srcset=\"https:\/\/hubvitacura.cl\/wp-content\/uploads\/2025\/09\/empleabilidad-frame-1024x155.png 1024w, https:\/\/hubvitacura.cl\/wp-content\/uploads\/2025\/09\/empleabilidad-frame-300x45.png 300w, https:\/\/hubvitacura.cl\/wp-content\/uploads\/2025\/09\/empleabilidad-frame-768x116.png 768w, https:\/\/hubvitacura.cl\/wp-content\/uploads\/2025\/09\/empleabilidad-frame.png 1391w\" sizes=\"(max-width: 800px) 100vw, 800px\" \/>\t\t\t\t\t\t\t\t\t\t\t\t\t\t\t<\/div>\n\t\t\t\t\t<\/div>\n\t\t\t\t<\/div>\n\t\t<div class=\"elementor-element elementor-element-f2f98a6 e-flex e-con-boxed e-con e-parent\" data-id=\"f2f98a6\" data-element_type=\"container\" data-e-type=\"container\">\n\t\t\t\t\t<div class=\"e-con-inner\">\n\t\t\t\t<div class=\"elementor-element elementor-element-fe1c832 elementor-widget-laptop__width-initial elementor-widget elementor-widget-text-editor\" data-id=\"fe1c832\" data-element_type=\"widget\" data-e-type=\"widget\" data-widget_type=\"text-editor.default\">\n\t\t\t\t\t\t\t\t\t<p>El <span style=\"color: #0086ff;\">Programa de Empleabilidad de Vitacura<\/span>\u00a0pone a disposici\u00f3n de los vecinos una serie de herramientas concretas para fortalecer sus competencias laborales y acompa\u00f1arlos en la b\u00fasqueda de nuevas oportunidades. Entre ellas, destacan <span style=\"color: #0086ff;\">bolsa comunal de empleo<\/span>, desarrollada en alianza con\u00a0<span style=\"color: #0086ff;\">Trabajando.com<\/span>, adem\u00e1s de\u00a0<span style=\"color: #0086ff;\">espacios de capacitaci\u00f3n en oficios y formaci\u00f3n especializada.<\/span><\/p>\t\t\t\t\t\t\t\t<\/div>\n\t\t\t\t\t<\/div>\n\t\t\t\t<\/div>\n\t\t<div class=\"elementor-element elementor-element-8588bad e-flex e-con-boxed e-con e-parent\" data-id=\"8588bad\" data-element_type=\"container\" data-e-type=\"container\">\n\t\t\t\t\t<div class=\"e-con-inner\">\n\t\t\t\t<div class=\"elementor-element elementor-element-54e241a elementor-widget-laptop__width-initial elementor-widget elementor-widget-text-editor\" data-id=\"54e241a\" data-element_type=\"widget\" data-e-type=\"widget\" data-widget_type=\"text-editor.default\">\n\t\t\t\t\t\t\t\t\t<p>El programa contempla\u00a0<span style=\"color: #0086ff;\">ciclos formativos, orientaci\u00f3n pr\u00e1ctica y redes de vinculaci\u00f3n efectiva con el mercado laboral,<\/span> permitiendo que cada persona est\u00e9 mejor preparada para enfrentar los desaf\u00edos del entorno actual y acceder a empleos acordes a sus habilidades, intereses y necesidades.<\/p>\t\t\t\t\t\t\t\t<\/div>\n\t\t\t\t\t<\/div>\n\t\t\t\t<\/div>\n\t\t\t\t<\/div>\n\t\t","protected":false},"excerpt":{"rendered":"<p>El Programa de Empleabilidad de Vitacura\u00a0pone a disposici\u00f3n de los vecinos una serie de herramientas concretas para fortalecer sus competencias laborales y acompa\u00f1arlos en la b\u00fasqueda de nuevas oportunidades. Entre ellas, destacan bolsa comunal de empleo, desarrollada en alianza con\u00a0Trabajando.com, adem\u00e1s de\u00a0espacios de capacitaci\u00f3n en oficios y formaci\u00f3n especializada. El programa contempla\u00a0ciclos formativos, orientaci\u00f3n pr\u00e1ctica [&hellip;]<\/p>\n","protected":false},"author":1,"featured_media":0,"parent":0,"menu_order":0,"comment_status":"closed","ping_status":"closed","template":"","meta":{"footnotes":""},"class_list":["post-7462","page","type-page","status-publish","hentry"],"_links":{"self":[{"href":"https:\/\/hubvitacura.cl\/home\/wp-json\/wp\/v2\/pages\/7462","targetHints":{"allow":["GET"]}}],"collection":[{"href":"https:\/\/hubvitacura.cl\/home\/wp-json\/wp\/v2\/pages"}],"about":[{"href":"https:\/\/hubvitacura.cl\/home\/wp-json\/wp\/v2\/types\/page"}],"author":[{"embeddable":true,"href":"https:\/\/hubvitacura.cl\/home\/wp-json\/wp\/v2\/users\/1"}],"replies":[{"embeddable":true,"href":"https:\/\/hubvitacura.cl\/home\/wp-json\/wp\/v2\/comments?post=7462"}],"version-history":[{"count":55,"href":"https:\/\/hubvitacura.cl\/home\/wp-json\/wp\/v2\/pages\/7462\/revisions"}],"predecessor-version":[{"id":10496,"href":"https:\/\/hubvitacura.cl\/home\/wp-json\/wp\/v2\/pages\/7462\/revisions\/10496"}],"wp:attachment":[{"href":"https:\/\/hubvitacura.cl\/home\/wp-json\/wp\/v2\/media?parent=7462"}],"curies":[{"name":"wp","href":"https:\/\/api.w.org\/{rel}","templated":true}]}}

<div data-elementor-type="wp-page" data-elementor-id="7462" class="elementor elementor-7462" data-elementor-post-type="page">
				<div class="elementor-element elementor-element-4f44924 e-flex e-con-boxed e-con e-parent" data-id="4f44924" data-element_type="container" data-e-type="container">
					<div class="e-con-inner">
				<div class="elementor-element elementor-element-39f7902 elementor-widget elementor-widget-image" data-id="39f7902" data-element_type="widget" data-e-type="widget" data-widget_type="image.default">
															<img fetchpriority="high" decoding="async" width="800" height="121" src="https://hubvitacura.cl/wp-content/uploads/2025/09/empleabilidad-frame-1024x155.png" class="attachment-large size-large wp-image-2635" alt="" srcset="https://hubvitacura.cl/wp-content/uploads/2025/09/empleabilidad-frame-1024x155.png 1024w, https://hubvitacura.cl/wp-content/uploads/2025/09/empleabilidad-frame-300x45.png 300w, https://hubvitacura.cl/wp-content/uploads/2025/09/empleabilidad-frame-768x116.png 768w, https://hubvitacura.cl/wp-content/uploads/2025/09/empleabilidad-frame.png 1391w" sizes="(max-width: 800px) 100vw, 800px" />															</div>
					</div>
				</div>
		<div class="elementor-element elementor-element-f2f98a6 e-flex e-con-boxed e-con e-parent" data-id="f2f98a6" data-element_type="container" data-e-type="container">
					<div class="e-con-inner">
				<div class="elementor-element elementor-element-fe1c832 elementor-widget-laptop__width-initial elementor-widget elementor-widget-text-editor" data-id="fe1c832" data-element_type="widget" data-e-type="widget" data-widget_type="text-editor.default">
									<p>El <span style="color: #0086ff;">Programa de Empleabilidad de Vitacura</span> pone a disposición de los vecinos una serie de herramientas concretas para fortalecer sus competencias laborales y acompañarlos en la búsqueda de nuevas oportunidades. Entre ellas, destacan <span style="color: #0086ff;">bolsa comunal de empleo</span>, desarrollada en alianza con <span style="color: #0086ff;">Trabajando.com</span>, además de <span style="color: #0086ff;">espacios de capacitación en oficios y formación especializada.</span></p>								</div>
					</div>
				</div>
		<div class="elementor-element elementor-element-8588bad e-flex e-con-boxed e-con e-parent" data-id="8588bad" data-element_type="container" data-e-type="container">
					<div class="e-con-inner">
				<div class="elementor-element elementor-element-54e241a elementor-widget-laptop__width-initial elementor-widget elementor-widget-text-editor" data-id="54e241a" data-element_type="widget" data-e-type="widget" data-widget_type="text-editor.default">
									<p>El programa contempla <span style="color: #0086ff;">ciclos formativos, orientación práctica y redes de vinculación efectiva con el mercado laboral,</span> permitiendo que cada persona esté mejor preparada para enfrentar los desafíos del entorno actual y acceder a empleos acordes a sus habilidades, intereses y necesidades.</p>								</div>
					</div>
				</div>
				</div>

<p>El Programa de Empleabilidad de Vitacura pone a disposición de los vecinos una serie de herramientas concretas para fortalecer sus competencias laborales y acompañarlos en la búsqueda de nuevas oportunidades. Entre ellas, destacan bolsa comunal de empleo, desarrollada en alianza con Trabajando.com, además de espacios de capacitación en oficios y formación especializada. El programa contempla ciclos formativos, orientación práctica [&hellip;]</p>
